{"id":217,"date":"2021-09-10T14:23:28","date_gmt":"2021-09-10T12:23:28","guid":{"rendered":"http:\/\/www.lamgm.com\/V1\/?page_id=217"},"modified":"2021-11-02T16:41:26","modified_gmt":"2021-11-02T15:41:26","slug":"parc-machines","status":"publish","type":"page","link":"http:\/\/www.lamgm.com\/V1\/parc-machines\/","title":{"rendered":"PARC MACHINES"},"content":{"rendered":"<p>[et_pb_section fb_built=\u00a0\u00bb1&Prime; fullwidth=\u00a0\u00bbon\u00a0\u00bb _builder_version=\u00a0\u00bb3.22&Prime; background_color=\u00a0\u00bb#2ea3f2&Prime; use_background_color_gradient=\u00a0\u00bbon\u00a0\u00bb background_color_gradient_start=\u00a0\u00bb#2ea3f2&Prime; background_color_gradient_end=\u00a0\u00bb#2e6df4&Prime; background_color_gradient_direction=\u00a0\u00bb330deg\u00a0\u00bb][et_pb_fullwidth_header title=\u00a0\u00bbParc Machines &#038; Moyens de Contr\u00f4le\u00a0\u00bb subhead=\u00a0\u00bbCentre horizontaux et verticaux &#8211; Tour \u00e0 commande num\u00e9rique\u00a0\u00bb _builder_version=\u00a0\u00bb4.9.10&Prime; background_color=\u00a0\u00bbrgba(255, 255, 255, 0)\u00a0\u00bb background_image=\u00a0\u00bbhttp:\/\/www.lamgm.com\/V1\/wp-content\/uploads\/2021\/07\/lamgm-dmecanosoudure-scaled.jpg\u00a0\u00bb parallax=\u00a0\u00bbon\u00a0\u00bb min_height=\u00a0\u00bb240.8px\u00a0\u00bb button_one_text_size__hover_enabled=\u00a0\u00bboff\u00a0\u00bb button_two_text_size__hover_enabled=\u00a0\u00bboff\u00a0\u00bb button_one_text_color__hover_enabled=\u00a0\u00bboff\u00a0\u00bb button_two_text_color__hover_enabled=\u00a0\u00bboff\u00a0\u00bb button_one_border_width__hover_enabled=\u00a0\u00bboff\u00a0\u00bb button_two_border_width__hover_enabled=\u00a0\u00bboff\u00a0\u00bb button_one_border_color__hover_enabled=\u00a0\u00bboff\u00a0\u00bb button_two_border_color__hover_enabled=\u00a0\u00bboff\u00a0\u00bb button_one_border_radius__hover_enabled=\u00a0\u00bboff\u00a0\u00bb button_two_border_radius__hover_enabled=\u00a0\u00bboff\u00a0\u00bb button_one_letter_spacing__hover_enabled=\u00a0\u00bboff\u00a0\u00bb button_two_letter_spacing__hover_enabled=\u00a0\u00bboff\u00a0\u00bb button_one_bg_color__hover_enabled=\u00a0\u00bboff\u00a0\u00bb button_two_bg_color__hover_enabled=\u00a0\u00bboff\u00a0\u00bb][\/et_pb_fullwidth_header][\/et_pb_section][et_pb_section fb_built=\u00a0\u00bb1&Prime; _builder_version=\u00a0\u00bb4.9.10&Prime; _module_preset=\u00a0\u00bbdefault\u00a0\u00bb custom_padding=\u00a0\u00bb||4px|||\u00a0\u00bb][et_pb_row use_custom_gutter=\u00a0\u00bbon\u00a0\u00bb gutter_width=\u00a0\u00bb1&Prime; make_equal=\u00a0\u00bbon\u00a0\u00bb _builder_version=\u00a0\u00bb4.9.10&Prime; _module_preset=\u00a0\u00bbdefault\u00a0\u00bb width=\u00a0\u00bb100%\u00a0\u00bb][et_pb_column type=\u00a0\u00bb4_4&Prime; _builder_version=\u00a0\u00bb4.9.10&Prime; _module_preset=\u00a0\u00bbdefault\u00a0\u00bb][et_pb_blurb title=\u00a0\u00bbParc machines &#038; Moyens de contr\u00f4le\u00a0\u00bb use_icon=\u00a0\u00bbon\u00a0\u00bb font_icon=\u00a0\u00bb%%125%%\u00a0\u00bb icon_color=\u00a0\u00bb#FFFFFF\u00a0\u00bb use_circle=\u00a0\u00bbon\u00a0\u00bb circle_color=\u00a0\u00bb#0C71C3&Prime; use_circle_border=\u00a0\u00bbon\u00a0\u00bb circle_border_color=\u00a0\u00bb#f7f7f7&Prime; use_icon_font_size=\u00a0\u00bbon\u00a0\u00bb icon_font_size=\u00a0\u00bb100px\u00a0\u00bb _builder_version=\u00a0\u00bb4.9.10&Prime; header_level=\u00a0\u00bbh1&Prime; header_font=\u00a0\u00bb|700|||||||\u00a0\u00bb background_size=\u00a0\u00bbinitial\u00a0\u00bb background_position=\u00a0\u00bbtop_left\u00a0\u00bb background_repeat=\u00a0\u00bbrepeat\u00a0\u00bb text_orientation=\u00a0\u00bbcenter\u00a0\u00bb locked=\u00a0\u00bboff\u00a0\u00bb][\/et_pb_blurb][\/et_pb_column][\/et_pb_row][\/et_pb_section][et_pb_section fb_built=\u00a0\u00bb1&Prime; specialty=\u00a0\u00bbon\u00a0\u00bb _builder_version=\u00a0\u00bb4.9.10&Prime; _module_preset=\u00a0\u00bbdefault\u00a0\u00bb][et_pb_column type=\u00a0\u00bb3_4&Prime; specialty_columns=\u00a0\u00bb3&Prime; _builder_version=\u00a0\u00bb3.25&Prime; custom_padding=\u00a0\u00bb|||\u00a0\u00bb custom_padding__hover=\u00a0\u00bb|||\u00a0\u00bb][et_pb_row_inner column_structure=\u00a0\u00bb1_2,1_2&Prime; _builder_version=\u00a0\u00bb4.9.10&Prime; _module_preset=\u00a0\u00bbdefault\u00a0\u00bb][et_pb_column_inner type=\u00a0\u00bb1_2&Prime; saved_specialty_column_type=\u00a0\u00bb3_4&Prime; _builder_version=\u00a0\u00bb4.9.10&Prime; _module_preset=\u00a0\u00bbdefault\u00a0\u00bb][et_pb_text _builder_version=\u00a0\u00bb4.9.10&Prime; _module_preset=\u00a0\u00bbdefault\u00a0\u00bb text_text_color=\u00a0\u00bb#000000&Prime; text_font_size=\u00a0\u00bb18px\u00a0\u00bb hover_enabled=\u00a0\u00bb0&Prime; sticky_enabled=\u00a0\u00bb0&Prime;]<\/p>\n<p><strong>Nos Locaux :<\/strong><\/p>\n<p><strong> <\/strong><\/p>\n<p><strong><\/strong><\/p>\n<ul>\n<li>1500m2 ateliers d\u2019usinage<\/li>\n<li>600m2 de stockage<\/li>\n<li>400m2 espace soudure et assemblage<\/li>\n<\/ul>\n<p>[\/et_pb_text][\/et_pb_column_inner][et_pb_column_inner type=\u00a0\u00bb1_2&Prime; saved_specialty_column_type=\u00a0\u00bb3_4&Prime; _builder_version=\u00a0\u00bb4.9.10&Prime; _module_preset=\u00a0\u00bbdefault\u00a0\u00bb][et_pb_text _builder_version=\u00a0\u00bb4.9.10&Prime; _module_preset=\u00a0\u00bbdefault\u00a0\u00bb text_text_color=\u00a0\u00bb#000000&Prime; text_font_size=\u00a0\u00bb18px\u00a0\u00bb custom_padding=\u00a0\u00bb|||1px||\u00a0\u00bb]<\/p>\n<p><strong>Moyens de contr\u00f4le :<br \/><\/strong><\/p>\n<p><strong><\/strong><\/p>\n<ul>\n<li>Machine \u00e0 mesure tridimensionnelle<\/li>\n<li>Colonne de mesure<\/li>\n<li>Machine Contr\u00f4le duret\u00e9<\/li>\n<li>M\u00e9trologie traditionnelle<\/li>\n<li>Ban de pr\u00e9-r\u00e9glage<\/li>\n<\/ul>\n<p>[\/et_pb_text][\/et_pb_column_inner][\/et_pb_row_inner][et_pb_row_inner _builder_version=\u00a0\u00bb4.9.10&Prime; _module_preset=\u00a0\u00bbdefault\u00a0\u00bb][et_pb_column_inner saved_specialty_column_type=\u00a0\u00bb3_4&Prime; _builder_version=\u00a0\u00bb4.9.10&Prime; _module_preset=\u00a0\u00bbdefault\u00a0\u00bb][et_pb_text _builder_version=\u00a0\u00bb4.9.10&Prime; _module_preset=\u00a0\u00bbdefault\u00a0\u00bb text_text_color=\u00a0\u00bb#000000&Prime; text_font_size=\u00a0\u00bb18px\u00a0\u00bb hover_enabled=\u00a0\u00bb0&Prime; sticky_enabled=\u00a0\u00bb0&Prime;]<\/p>\n<p><strong>Parc machines<\/strong><\/p>\n<ul>\n<li>Centres usinages horizontaux KITAMURA (Hx630ix870x710x660, 4<sup>\u00e8me<\/sup> axes)<\/li>\n<li>Centre horizontaux, Mori Seiki NHX 5500 (courses X1040 Y893 Z900)<\/li>\n<li>OKK, 8 palettes (courses X560 Y400 Z500)<\/li>\n<li>OKK, 6 palettes<\/li>\n<li>OKK, renishaw (courses X1040 Y893 Z904)<\/li>\n<li>Tour VICTOR avec axes C (Courses 1090, \u00d8320)<\/li>\n<li>Tour LEADWELL (Courses 230&#215;1090, \u00d8320)<\/li>\n<li>Tour TOPPER vertical \u00e0 chargement automatique (mandrin \u00d8210)<\/li>\n<li>Tour WIA X290 Z750<\/li>\n<li>Equilibreuse porte outils et pi\u00e8ces<\/li>\n<\/ul>\n<p>[\/et_pb_text][\/et_pb_column_inner][\/et_pb_row_inner][\/et_pb_column][et_pb_column type=\u00a0\u00bb1_4&Prime; _builder_version=\u00a0\u00bb3.25&Prime; custom_padding=\u00a0\u00bb|||\u00a0\u00bb custom_padding__hover=\u00a0\u00bb|||\u00a0\u00bb][et_pb_text _builder_version=\u00a0\u00bb4.9.10&Prime; _module_preset=\u00a0\u00bbdefault\u00a0\u00bb text_text_color=\u00a0\u00bb#000000&Prime;]<\/p>\n<h2>LA MGM&#8230;<\/h2>\n<h4>Une r\u00e9ponse \u00e0 toutes les attentes&#8230;<\/h4>\n<ul>\n<li>R\u00e9activite&#8230; A l&rsquo;\u00e9coute<\/li>\n<li>Contact personalis\u00e9<\/li>\n<li>Une \u00e9quipe soud\u00e9e &amp; fiable<\/li>\n<li>des comp\u00e9tences multiples<\/li>\n<\/ul>\n<p>Appuy\u00e9e sur un tissu industriel vari\u00e9 et \u00e9fficace permettant de s&rsquo;adapter \u00e0 tous vos besoins.<\/p>\n<p>Une bonne ma\u00eetrise de la logistique.<\/p>\n<p>Soumettez-nous vos demandes, nous trouverons ensemble les solutions&#8230;<\/p>\n<p>&nbsp;<\/p>\n<p>ETUDIER<br \/>OPTIMISER<br \/>CONCEVOIR<br \/>PRODUIRE<br \/>PROT\u00c9GER<br \/>ASSEMBLER<\/p>\n<p>[\/et_pb_text][\/et_pb_column][\/et_pb_section]<\/p>\n","protected":false},"excerpt":{"rendered":"<p>Nos Locaux : 1500m2 ateliers d\u2019usinage 600m2 de stockage 400m2 espace soudure et assemblage Moyens de contr\u00f4le : Machine \u00e0 mesure tridimensionnelle Colonne de mesure Machine Contr\u00f4le duret\u00e9 M\u00e9trologie traditionnelle Ban de pr\u00e9-r\u00e9glage Parc machines Centres usinages horizontaux KITAMURA (Hx630ix870x710x660, 4\u00e8me axes) Centre horizontaux, Mori Seiki NHX 5500 (courses X1040 Y893 Z900) OKK, 8 palettes [&hellip;]<\/p>\n","protected":false},"author":1,"featured_media":0,"parent":0,"menu_order":0,"comment_status":"closed","ping_status":"closed","template":"","meta":{"_et_pb_use_builder":"on","_et_pb_old_content":"","_et_gb_content_width":"","footnotes":""},"class_list":["post-217","page","type-page","status-publish","hentry"],"_links":{"self":[{"href":"http:\/\/www.lamgm.com\/V1\/wp-json\/wp\/v2\/pages\/217","targetHints":{"allow":["GET"]}}],"collection":[{"href":"http:\/\/www.lamgm.com\/V1\/wp-json\/wp\/v2\/pages"}],"about":[{"href":"http:\/\/www.lamgm.com\/V1\/wp-json\/wp\/v2\/types\/page"}],"author":[{"embeddable":true,"href":"http:\/\/www.lamgm.com\/V1\/wp-json\/wp\/v2\/users\/1"}],"replies":[{"embeddable":true,"href":"http:\/\/www.lamgm.com\/V1\/wp-json\/wp\/v2\/comments?post=217"}],"version-history":[{"count":7,"href":"http:\/\/www.lamgm.com\/V1\/wp-json\/wp\/v2\/pages\/217\/revisions"}],"predecessor-version":[{"id":350,"href":"http:\/\/www.lamgm.com\/V1\/wp-json\/wp\/v2\/pages\/217\/revisions\/350"}],"wp:attachment":[{"href":"http:\/\/www.lamgm.com\/V1\/wp-json\/wp\/v2\/media?parent=217"}],"curies":[{"name":"wp","href":"https:\/\/api.w.org\/{rel}","templated":true}]}}